*m**2 - 15*m + 37. Is p(-14) a prime number?
False
Let r be 4/(-1 - -5)*2. Is ((-2001)/(-6) + 3)*r a prime number?
True
Suppose 8 = 3*j - 5*j. Is (-4)/(-14) + (138492/(-21))/j a prime number?
False
Suppose -1 + 6 = q. Suppose -d - 10 = 5*z, -q*z - 8 = -4*d + 27. Let p(y) = 17*y + 12. Is p(d) a prime number?
True
Suppose 20 = x + 2*x + 2*z, 5*x = -z + 45. Let w be x/15 + (-2)/3. Is 242 - (w - (-2 - 1)) a prime number?
True
Suppose -110 = 8*y - 3*y. Let p(v) = -v**3 - 22*v**2 - 26*v - 31. Is p(y) composite?
False
Suppose -4*v + 7*v = 2634. Suppose m + v = 3*j, -1300 + 132 = -4*j + 4*m. Is j prime?
True
Suppose 0 = -5*c - s + 8701, -18*s - 20 = -13*s. Is c prime?
True
Suppose 3*v = 5*y - 14 - 3, -3*v + 15 = 3*y. Suppose -26*x - 11*x = -74. Suppose -370 - 121 = -3*f + x*q, y*f - 663 = q. Is f a prime number?
True
Let n = 54 - 70. Is (141/(-12))/(4/n) composite?
False
Let n = -874 + 1387. Let s be (-1)/3 - (-75)/9. Is n - s - (-2 + -2) prime?
True
Let t(p) = p**3 + 1. Let c(y) = -3*y**2 - 2*y + 12. Let z(k) = c(k) - t(k). Is z(-8) composite?
False
Suppose -5*k = -5*p + 2210, 0*p - p + 452 = -3*k. Let d = p - 274. Is d prime?
True
Suppose 0 = 1113*h - 1107*h - 202074. Is h a prime number?
True
Suppose 10056 = 3*t + 3*l, -5*t + 5*l + 5257 + 11493 = 0. Is t a composite number?
True
Is (-9495)/(-30) - 1/(-2) composite?
False
Suppose -3*s = 2*d + 38, 2*s + 5*d = 4*s + 38. Is (-1 + -1)/(s/2037) a prime number?
False
Let d(w) = 592*w + 23. Is d(3) a composite number?
True
Let a(v) = -4*v**3 - 4*v**2 - v - 16. Let x be a(-11). Suppose 0 = -6*q + 11*q - x. Is q prime?
True
Is (225332/18)/2 - (-2)/(-9) prime?
False
Suppose 0 = 4*u - 7*u + 9. Is 2 + (1932/4)/u composite?
False
Is (-2 - (0 - 3))*1889/1 a composite number?
False
Let x(v) = 8108*v + 1. Is x(2) prime?
True
Let f(n) be the first derivative of 816*n**3 + 3*n**2/2 + 2*n - 45. Is f(-1) a prime number?
True
Suppose 19*y - 15*y - 24021 = -5*b, -4*y - 2*b + 24006 = 0. Is y a composite number?
True
Let g = 65781 + -29884. Is g prime?
True
Suppose -3*n - 3 = 12. Let o be 204 + n + 2 + 1. Suppose -3*q = u - o - 354, 0 = -q - 3*u + 188. Is q a prime number?
False
Suppose 2*u - 4184 + 710 = -2*x, u + 5*x - 1753 = 0. Is u composite?
False
Suppose -4*u = -2*u - 2722. Let d(p) = p**3 - 21*p**2 + 19*p + 14. Let v be d(20). Is (u/(-4))/(v/24) prime?
True
Let h = -119 + 83. Let c be ((-12)/h)/(2/186). Suppose -c = -l - 9. Is l a composite number?
True
Let o(k) be the third derivative of -k**6/120 - k**4/24 + k**3/3 - 6*k**2. Let f be o(0). Suppose f*r - 3*r + 263 = 0. Is r a composite number?
False
Suppose -a - 93 = -5*m, -4 = 4*m + 16. Let c = a - -215. Is c composite?
False
Suppose -90*x - 186673 = -91*x + 4*r, -16 = -4*r. Is x a composite number?
False
Let l(c) = 5442*c + 151. Is l(5) composite?
False
Suppose 8*q = 11*q - 1224. Let k = 1541 + q. Is k a composite number?
False
Let y(l) be the second derivative of 9*l**5/20 - 5*l**4/6 + l**3/6 - l**2/2 - 11*l. Is y(4) prime?
True
Let u(t) be the second derivative of -t**4/12 - t**3/6 - t**2/2 + 4*t. Let l(s) = 2*s**2 - 8*s + 4. Let n(r) = l(r) + u(r). Is n(-7) prime?
False
Let b be -2 + -3*(2 - 1). Let z(x) = x**2 + 4*x + 16. Is z(b) composite?
True
Is (-42)/(-315) - (-321789)/45 composite?
False
Suppose -60925 = -4*b - 21*b. Is b prime?
True
Let v = 1 - -1. Suppose 2*q + 56 = 6*q. Suppose w - 2*u - 4 = q, -5*w = -v*u - 122. Is w prime?
False
Is 135 + (-2790)/675 + 2/15 prime?
True
Let k(z) = 74*z**3 + 6*z**2 - 3. Is k(4) composite?
True
Let x = -351 + 1318. Is x composite?
False
Suppose 5*x - 53 = -q + 2091, 6448 = 3*q - x. Is q a composite number?
True
Let y(a) = -13 + 5 - 3 - 114*a. Let i(w) = 38*w + 4. Let n(k) = -8*i(k) - 3*y(k). Is n(2) a composite number?
True
Suppose -21*v = -20*v - 527. Is v a composite number?
True
Suppose -37*t = 6*t - 328477. Is t prime?
True
Let u = 125 + -121. Suppose -1060 = u*y - 3224. Is y composite?
False
Let s(w) = -w**2 + 1346. Is s(0) composite?
True
Suppose 117 = g + 2*h, -5 = -h + 2*h. Is g composite?
False
Suppose -5*f + 42 = -3*q + 18, 3*f - 3*q - 18 = 0. Let c be f + -5 - (-1086 + -2). Let d = c + -207. Is d composite?
True
Let b(s) = s**2 + 11*s - 14. Let y be b(-12). Is (2778/(-4) + 2)/(y/4) composite?
True
Let k(p) = -p + 5086. Let c be k(0). Suppose 5*w = 5*m - 7425, -4*m - 4*w + 822 + c = 0. Is m a composite number?
False
Let q(a) = 621*a - 226. Is q(5) a prime number?
True
Suppose 5*r - 8*r = 117. Let y = -16 - r. Suppose 4*v + y = 5*v. Is v prime?
True
Let k(d) = 11*d**2 - 21*d + 7. Is k(-9) prime?
True
Let y be -1270*-1*4/8. Let i = y + -300. Is i a prime number?
False
Let c(o) = -4*o + 4. Let b be c(1). Suppose b = 2*d + 4*l - 5146, d + 2*l + 2585 = 2*d. Is d a composite number?
False
Suppose -5*x - 25 = 2*i - i, -3*x - 15 = 4*i. Is i/(-1) + 8 + 243 a prime number?
True
Suppose -423 = x - 2*x. Let r be 438 + 6/(-8) + (-140)/(-80). Suppose -z = -1, -3*l - z + x = -r. Is l a composite number?
True
Suppose -i + 2832 = 3*i. Suppose 2*t + 3*v = 5*v + i, 1421 = 4*t + v. Suppose -2*d + t + 427 = 0. Is d prime?
False
Is (-2)/(-12) - 1179314/(-348) a prime number?
True
Suppose -2351*t - 9113 = -2352*t. Is t a prime number?
False
Suppose 4*u = -3*o + 3313, 4182 + 1330 = 5*o - 3*u. Suppose 3*t = -3*c + 3309, 3*c - 4*c - 4*t + o = 0. Is c a composite number?
False
Is (36/(-9))/((-4)/3046) composite?
True
Let n(d) = d + 10. Let a be n(-8). Suppose a*o - 13 = -5. Suppose o*s - 117 = 479. Is s a prime number?
True
Is (-3 + 2)/(-6 + (-543682)/(-90614)) prime?
True
Suppose -7*k + 24 = -k. Suppose 0*f + 2*f = 174. Suppose 0 = k*u + z - f + 16, u - 3*z = 34. Is u prime?
True
Let s = 19 - 31. Let p = 0 + s. Is (-382)/(-2) - p/(-3) a prime number?
False
Is -70*14/(-140) - (1 + -10127) prime?
True
Let h be (-2)/(-3) - (-196)/(-42). Is 3273 - (-2)/(h/4) prime?
True
Let m(c) = -2*c**3 + 7*c**2 + 6*c - 5. Let x = -33 - -29. Is m(x) a composite number?
False
Suppose -p - p = -8. Suppose -l - p*u = -4*l + 21, 4*l - 5*u - 28 = 0. Is l/(-14) + 1038/4 a prime number?
False
Let v = -20 - 114. Let g = v - -208. Is g prime?
False
Suppose -c = 4*k - 368, 5*c - 2*k - 1806 = -5*k. Let s be -202 - (-1 - -2) - 2. Let n = c + s. Is n prime?
False
Let u(k) = 3295*k**2 - 89*k - 1. Is u(2) composite?
False
Let c(w) = w**2 - 2*w - 10. Let y be c(5). Suppose -y*o = 3 - 18. Suppose -5*h + 106 = -o*h. Is h a prime number?
True
Suppose 437844 = 3*s - p, -4*p = 4*s - 3*p - 583799. Is s composite?
False
Suppose -b + 2903 = -2*s, 9*b - 11*b - 4*s = -5806. Is b a composite number?
False
Suppose 4*j = -6 + 18. Let d be 2*j/(30/(-35)). Is (51835/(-10))/d*2 prime?
True
Let f(k) = -8*k**2 + 29*k - 36. Let q(v) = -3*v**2 + 10*v - 12. Let w(o) = -4*f(o) + 11*q(o). Let p be w(-8). Is 114 - (-4 + (p - -11)) a composite number?
True
Suppose -57*z + 137905 = -52*z. Is z prime?
True
Suppose -4138 = -2*c - 598. Suppose 5*i = 3*n - 1768, 3*n - 3*i - c = -0*i. Is n prime?
False
Let z be -2 - -4*(-362)/(-4). Suppose 0*m + z = 4*m. Let r = m - -241. Is r composite?
False
Suppose 2*l - 3*l = -5*y + 22, 0 = -5*y - 5. Let m = 542 + -310. Let g = l + m. Is g a composite number?
True
Let f = 42 - 29. Let a(u) be the third derivative of u**5/20 + u**4/24 + 5*u**3/2 + 3*u**2. Is a(f) a prime number?
False
Let k be 9760/(-272) - ((-36)/(-17) - 2). Let t = k + 89. Is t a composite number?
False
Suppose 2*r - 15 = 7*r - 5*x, 0 = r + 2*x - 6. Suppose r = -15*q + 19*q - 11476. Is q prime?
False
Let m be -3 + 123/15 + (-2)/10. Suppose 3*o = -f + 748, -2*o + m*f - 503 = -4*o. Is o composite?
True
Let r = -6029 + 18742. Is r prime?
True
Let v be 1 + -2 + (-3816)/(-6). Suppose 12*d - v = 7*d. Is d a composite number?
False
Let g(v) = 91*v + 9. Let u be g(-7). Let w = 1073 + u. Is w a prime number?
False
Let j(m) = m**2 + 2*m - 3. Let f be j(-4). Suppose 2*n - 95 = f*x, 4*n - 3*x = -2*x + 217. Is n + (4 - (3 - -1)) prime?
False
Suppose 5*a - 375 = -5*z, -4*z = 67*a - 71*a + 276. Let v be (25/(-2))/(1/(-2)). Let s = v + a. Is s a prime number?
True
Is ((-6247)/2)/(41/(-82)) a composite number?
False
Let k = -65 - -68. Is 470 + k/(-6)*6 a prime number?
True
Suppose 712*i - 63729 = 703*i. Is i a composite number?
True
Let j(d) = -141*d - 3. Let a(x) = 71*x + 2. Let w(r) = -5*a(r) - 3*j(r). Le